x?
3
Let o(p) = 2*p**2 - 3*p + 30. Let h be o(9). Suppose -5*t + 3 = -5*i + i, -i = 5*t - 18. Suppose -i*n = 2*n - h. What is the tens digit of n?
3
Let y(a) = a + 7. Let p be y(0). Let l be 625 - (1 - 1 - -2). Suppose -p*c = -0*c - l. What is the tens digit of c?
8
Let u(a) = -a**3 + 83*a**2 - 50*a + 27. Let r(v) = -v**3 + 125*v**2 - 75*v + 40. Let y(z) = 5*r(z) - 7*u(z). What is the hundreds digit of y(-22)?
5
Let i = 11468 + -165. What is the tens digit of i?
0
Suppose -1298*y + 41840 = -1294*y + 2*p, -2*y = -3*p - 20912. What is the units digit of y?
9
Let r = 6445 - 1933. What is the hundreds digit of r?
5
Let s(x) = -x**3 + 54*x**2 + 92*x - 34. What is the tens digit of s(48)?
0
Let z(i) = -6*i**3 - 11*i**2 - i. Let t(m) = -2*m**2 - 2*m - 1. Let r(d) = 3*t(d) + z(d). What is the thousands digit of r(-7)?
1
What is the units digit of ((-1 - 1) + (-87711)/9)*(7 - 10)?
3
What is the units digit of 15426/4 - (4/(-26) - 510/(-780))?
6
Suppose -20 = -17*u + 14. Suppose u*m - 3*z - 1854 = 0, 8*z = 3*m + 5*z - 2787. What is the tens digit of m?
3
Let k = 21 + -18. Suppose 2*r + 75 = -k*r. What is the tens digit of 0 - r*4 - -3 - -3?
6
Let g = -4677 - -9403. What is the tens digit of g?
2
Let p = -60 - -63. Let l(x) = -2*x**3 + 4*x**2 - 5*x**2 - 3*x**3 + 2*x**p - 7 + x. What is the tens digit of l(-3)?
6
Suppose -110*k + 3*k + 6473187 = 152*k. What is the hundreds digit of k?
9
Suppose -m + 15 = 4*f, 4*m = 9*m - 5*f - 50. Suppose 0 = m*y + 1971 - 8505. What is the hundreds digit of y?
5
What is the thousands digit of 1/(112755/(-16108) - ((-36)/(-6) + -13))?
6
Suppose -5*d - 368 = -3*f, 5*d = 4*f + 2*d - 498. Suppose n - f = 258. What is the units digit of n?
4
Let g(n) = -n**3 - 16*n**2 + 18*n + 36. Let m be g(-17). What is the units digit of -22 + m - (-506)/2?
0
Let a be (-1 + -1)/(44/(-1782)). Suppose -3*s = -3*l + 4*l - 31, -5*l + 5*s + 155 = 0. Suppose l = -w + a. What is the tens digit of w?
5
Let j(b) = b**3 - 6*b**2 + 9. Let l be j(6). Suppose -6*m + 39 = l. What is the units digit of 6 - m/(10/4)?
4
Suppose -2*m = -r + 35812, 4*m + 33785 - 105369 = -2*r. What is the thousands digit of r?
5
Let h = -58 - -61. Let j(i) = 52*i**2 - 2*i + 11. Let u be j(h). Suppose u = 3*o + 62. What is the units digit of o?
7
Let y(z) = -20*z**3 + 2*z**2 + 5*z + 3. Let x be y(-1). Suppose a - 465 = 2*j, -5*j + 0*j - x = 0. What is the hundreds digit of a?
4
Let o(n) = n**3 + 30*n**2 + 29*n - 2. Let y be o(-29). What is the tens digit of 3/(y/507*(-72)/96)?
1
Suppose -73*k + 6019274 = 1436772. What is the ten thousands digit of k?
6
Suppose 5*h + 3*s + 662 + 206 = 0, 4*h + 712 = 2*s. Let q = h + 480. Suppose 2*n - 166 = 5*w, 0*n = -4*n - 4*w + q. What is the units digit of n?
8
Let l = 309 + 7668. What is the thousands digit of l?
7
Suppose 0 = -368*y + 364*y + 25924. What is the thousands digit of y?
6
Let a(t) = -27*t + 2 - 1 + 0*t**3 + 2 - 11*t**2 + t**3. Let x be a(12). Let u = -113 - x. What is the tens digit of u?
6
Let p(z) = 4*z - 20. Let q be p(13). What is the hundreds digit of ((-976)/q)/((-2)/68)?
0
Suppose -4*i + 8297 = 2*k - 8391, 0 = 2*i - 5*k - 8332. Suppose 3*p + 5*r = 3124, 0 = -4*p + 3*r - 4*r + i. What is the hundreds digit of p?
0
Suppose 4*p - 6956 = 18716. What is the tens digit of p?
1
Let l(q) = -20*q**2 - 3*q + 2. Let t(b) = 41*b**2 + 6*b - 4. Let m(h) = -9*l(h) - 4*t(h). What is the hundreds digit of m(-5)?
3
Suppose -5*h = h + 1356. Let w be (-6)/9*(h + 7). Let u = 257 - w. What is the tens digit of u?
1
Suppose -2*g = 2*r - 38, -4*g = -3*r - 2*g + 37. Suppose r = -7*o + 8. What is the units digit of 13/(39/240) - (o + -1)?
2
Let n be (0 - -8)/(4/54). Let g be 92/20 - (-3)/(-5). Suppose -g*r = -2*r - n. What is the units digit of r?
4
Let z(y) = -1 + y + 5 + 1 + 1. Let o be z(-8). What is the hundreds digit of (14/(-6))/(o/90)?
1
Suppose 1400 = 16*h - 8*h. Let x = h - -40. What is the tens digit of x?
1
Let l = 33955 - 24986. What is the thousands digit of l?
8
Suppose -b = 26 + 30. Let c = b + 82. Suppose -d = -7 - c. What is the tens digit of d?
3
Let g(b) = 273*b**2 + 242*b + 4. What is the ten thousands digit of g(8)?
1
Suppose -4*u + 5*t = 2, 5*u + 6*t - 6 = 8*t. Suppose 0 = 4*x - 3*w - 4374, u*x - w = -0*w + 2188. What is the units digit of x?
5
Suppose 4*a - 2*a = -24. Let r be (30/9)/((-2)/a). What is the tens digit of (1 + 1 - (-5 + 9)) + r?
1
Suppose 7*c = 551 - 180. Let q = -116 + c. What is the units digit of 1096/10 - q/(-105)?
9
Let o(a) = a**2 - a + 5. Let z be (-4)/22 + (-178)/(-11). Suppose -h = 3*h + 5*l - 21, z = 5*h - 4*l. What is the units digit of o(h)?
7
Let j = 2430 - 719. Suppose -j - 1460 = -7*q. What is the tens digit of q?
5
Suppose -132574 = -2*d + c, -12*d + 2*c - 66297 = -13*d. What is the units digit of d?
9
Let f be (-26)/(-6) - (-2)/(-6). Suppose 8*b + f*b = -864. Let o = 13 - b. What is the tens digit of o?
8
Let a = 227 - 218. Suppose a*s - 10192 = -3676. What is the units digit of s?
4
Let k = 2577 + -1169. Suppose p - k = -p. What is the hundreds digit of p?
7
Let f(a) = a**3 - 46*a**2 + 135*a + 74. What is the hundreds digit of f(43)?
3
Suppose -6*r + 18 = 6. Suppose -1 - 1 = -r*t. What is the tens digit of t/(753/(-189) + 4)?
6
Suppose 52*a + 3450 = 6*a. Suppose 0 = 4*y - 23 - 5. Let m = y - a. What is the tens digit of m?
8
Suppose 45*m + 809120 = 149*m. What is the tens digit of m?
8
Suppose -14*z + 25 = -17. Suppose -4*v + 5*c + 1840 = 512, -996 = -z*v + c. What is the units digit of v?
2
Let y = -119 - -110. Let m be y + 7 - (-1164 + 3). Suppose 6*r - m = -343. What is the tens digit of r?
3
Let j(u) = u**3 + 22*u**2 + 58*u - 520. What is the hundreds digit of j(16)?
1
Suppose -f - 93476 = -5*b, -384*f = -2*b - 382*f + 37392. What is the units digit of b?
5
Let h = -7968 - -15974. What is the units digit of h?
6
Let g(r) = r**3 - 18*r**2 - 22*r + 47. Let m be g(19). What is the units digit of (-1129)/m - (-6)/60?
3
Suppose -5*g + 2*g - r = -152, -256 = -5*g - 3*r. Let w = -39 + g. Suppose w*d = 13*d - 280. What is the tens digit of d?
4
Let u = 62 + -58. Let v be ((-9)/(-2))/((-3)/u*1). What is the units digit of (v/4)/((-9)/96)?
6
Let u(b) be the first derivative of b**4/4 - 6*b**3 - 11*b**2/2 - 21*b + 1. Suppose 4*r - 88 = 3*n, -n - 53 - 27 = -4*r. What is the units digit of u(r)?
1
Let m = 86 + 24. Let q = m - -146. What is the units digit of q?
6
Let b(l) = 25*l + 3116. What is the units digit of b(-114)?
6
Suppose -5*y + 9 + 16 = 0, -3*y - 123845 = -4*v. What is the tens digit of v?
6
Let j(b) = 13*b**2 - 29*b + 4. Let r = -205 - -209. What is the units digit of j(r)?
6
Suppose v - 125973 = -33*t + 26*t, v = 5*t - 89979. What is the units digit of t?
6
Suppose -3*u + 6*u + 20225 + 8815 = 3*m, 0 = -3*u. What is the thousands digit of m?
9
Let k be -3 + (2229/12)/((-3)/12). Let r = k + 1746. What is the hundreds digit of r?
0
Suppose 4*b - 51074 = -3*x, 0 = x + 5*b - 4798 - 12223. What is the thousands digit of x?
7
Let i be 5 + -6 + -5 + 5. Let y(m) = 146*m**3 - 2*m**2 - m + 1. Let p be y(i). Let u = p - -267. What is the tens digit of u?
2
Let v = 2495 + 4225. Suppose 0 = -15*b - b + v. What is the tens digit of b?
2
Suppose -5*d - 4*y = -192796, 5*d + 61192 - 253992 = -5*y. What is the units digit of d?
6
Suppose 44*u + 14019454 = 166*u + 4543470. What is the tens digit of u?
7
Let u = 16155 + -107. What is the thousands digit of u?
6
Let n(r) = 2*r**2 - 15*r - 52. Suppose 0*b = 5*b. Suppose -16*f + 24*f - 120 = b. What is the units digit of n(f)?
3
Let y(n) be the first derivative of n**4/4 + 5*n**3 + 15*n**2/2 - 17*n + 90. What is the tens digit of y(-13)?
2
Let p = 5596 - -204. Suppose -23*t + 15*t + p = 0. What is the hundreds digit of t?
7
Let j(f) = f**3 + 16*f**2 + 19*f + 65. Let v be j(-15). Suppose 3*z = -z - 4, v*w - 154 = -z. What is the tens digit of w?
3
Suppose -147*v = -135*v - 144. Suppose 5*a - 418 = v. What is the units digit of a?
6
Let z be 1682 - (7/(-14))/((-4)/(-32)). Let l = z + -909. What is the tens digit of l?
7
Let c(a) = 37*a**2 + 10*a - 7. Suppose 0 = -22*d + 114 - 4. What is the units digit of c(d)?
8
Let u(s) = -7*s**2 + 12*s - 183. Let i be u(12). Let g = i + 1845. What is the hundreds digit of g?
7
Let m(p) = -8*p - 27. Let h be m(-12). Let q